ive r(6).
7
Let o be (-152)/1140 - (-62)/15. Let d(y) = -5*y**3 + y**2 - 3. Let u(i) = -i**3 + i**2 - i. Let q(m) = -d(m) + 6*u(m). Calculate q(o).
-5
Suppose 3 = -6*f + 3*f. Let z(o) be the third derivative of o**5/60 + 13*o**2 - 22*o. What is z(f)?
1
Suppose 32 = 23*l - 37. Let m(a) be the second derivative of a**5/60 - a**4/24 - a**3/2 - 2*a**2 + 5*a. Let t(o) be the first derivative of m(o). Give t(l).
3
Let u(x) be the third derivative of x**5/60 + 3*x**4/8 - 4*x**3/3 - 146*x**2. Give u(-6).
-26
Let t(y) = y**2 + 11*y + 7. Suppose 18*g = -73 - 71. Determine t(g).
-17
Let o(u) = 16*u**3 + u**2 - 1. Let g be o(1). Suppose 4*a - 3*a = g. Suppose -4*j + a = -4. Let i(z) = -z**2 + 4*z - 3. Give i(j).
-8
Let k(p) be the third derivative of -p**4/24 + 2*p**2 - 40*p. Determine k(6).
-6
Let n(o) = -3*o**3 + 22*o**2 - 15*o - 12. Let w(u) = 2*u**3 - 15*u**2 + 10*u + 8. Let g(f) = 5*n(f) + 7*w(f). Determine g(4).
-8
Let k(u) be the third derivative of u**6/720 + u**5/40 + 11*u**4/8 - 18*u**2. Let z(q) be the second derivative of k(q). What is z(-3)?
0
Let r(b) be the second derivative of b**5/20 + 5*b**4/6 - 3*b**2 + 64*b. Give r(-10).
-6
Let b(y) = -16*y**3 + 5 - 2*y + 17*y**3 + 0*y - y + 5*y**2. Suppose 9*k + 9 = -36. Calculate b(k).
20
Suppose -6*b - 3 = -9. Let y(d) = 6*d - 5. Give y(b).
1
Suppose 0 = -2*o + 4*a - 30, 29*o - 34*o = 5*a + 60. Let v(l) = -l**2 - 12*l - 2. Calculate v(o).
-15
Suppose -15*v - 80 = v. Let k(s) = s + 6. What is k(v)?
1
Let g(b) = 5*b. Let r(c) = -7*c + 130. Let p be r(19). Calculate g(p).
-15
Let a(g) = g**3 + g - 1. Suppose z - 12 = -3*z + 2*t, 2*t - 28 = -4*z. Suppose -b - z*u - 10 = -2*b, -2*u - 4 = -2*b. Calculate a(b).
-1
Let l(a) be the third derivative of -a**4/6 - a**3/3 - a**2 - 113. Calculate l(-1).
2
Let r(b) = 9*b**3 - b**2 + 2*b - 1. Let p(t) = t**3 - 5*t**2 - 4*t - 7. Let h be (-2)/2 - 56/(-8). Let z be p(h). Suppose 2*s + z = 7*s. Calculate r(s).
9
Let c(l) = l**3 + 6*l**2 + l. Let o(k) = 5*k - 7. Let v be o(2). Suppose -s - i - 5 = 0, -4*s + 2*i - 8 = v*i. Let n be (10/20)/(s/12). Calculate c(n).
-6
Let x(p) = p - 15. Suppose 4*y - 2*s + 3*s - 27 = 0, -5*y = 3*s - 32. Calculate x(y).
-8
Let j(a) = a + 3. Let s(t) = -t**2 + 2*t - 10. Let o be s(7). Let f = o - -50. Determine j(f).
8
Let g(t) = -t**3 - t**2 + t + 4. Let q be g(0). Let y(x) = -4 - 2*x + q*x - 4. Let v = -1608 - -1614. What is y(v)?
4
Let p(l) = l**3 - 5*l**2 - 3*l + 8. Let x be 6/((-39)/(-52) - 2/(-8)). What is p(x)?
26
Let h(j) = j**3 - 6*j**2 - 5. Let l = 15 + -11. Let r be 2 + l + (6 - 2). Let z be 8/r - (-26)/5. Calculate h(z).
-5
Let l(b) = -21 + 3*b**3 + 66 + 13*b**2 - 12*b**2 - 2*b**3. Calculate l(0).
45
Let d(v) be the second derivative of v**8/6720 - v**7/1260 - v**6/360 - v**5/120 - v**4/2 + 13*v. Let r(q) be the third derivative of d(q). What is r(-1)?
-2
Let o(a) = -4*a + 3. Suppose 5*h - 3*c = 0, c + 15 = -2*c. Give o(h).
15
Let i be -1 + (6 - 3) + -10. Let c = i - -10. Let v(l) = -2*l**3 - 2*l + 1. Let m(t) = 5*t**3 + 5*t - 2. Let o(s) = 4*m(s) + 11*v(s). Calculate o(c).
-17
Let t = -1 + 0. Let z(w) = -280*w**2 - 14*w - 11. Let u(n) = -102*n**2 - 5*n - 4. Let f(y) = 11*u(y) - 4*z(y). Determine f(t).
-3
Let g = 74 - 69. Let h(f) = -f**2 + 2*f - 6. Determine h(g).
-21
Let i(j) = -j**2 - 6*j + 2. Suppose -23*u + 4 = -19*u. Suppose 2*q = -q - o - 9, 0 = 4*q + 5*o + u. What is i(q)?
10
Let w = -91 + 163. Let v(o) = 35 - o - w + 30. Determine v(-5).
-2
Let f = 31 + -24. Let y(d) = 4*d + 5. Let g(x) = -x - 1. Let i(o) = -9*g(o) - 2*y(o). Determine i(f).
6
Let k(z) = 6 - 5*z**2 + 3*z - 4 + 4*z**2 + 5 - 1. Let q = 5 + 0. Give k(q).
-4
Suppose 0 = -r + 5*s + 7 + 5, 2*r + 3*s = -15. Let n(i) = -i**3 - i**2 + 4*i. Determine n(r).
6
Let p(q) = -9*q - 271. Let w be p(-29). Let k(z) = z**3 + 11*z**2 + 10*z + 9. What is k(w)?
9
Let r = 22 + -18. Let z(p) be the second derivative of -p**3/6 + p**2/2 - 19*p. Determine z(r).
-3
Let q(u) be the first derivative of u**2/2 + 17*u + 98. Give q(-13).
4
Let n(j) = -j**2 + 5*j. Let c(m) = -m**2 + 6*m + 1. Let k(d) = -2*c(d) + 3*n(d). Suppose -2*a - 2*x = 3*a + 96, -2*a + 4*x = 48. Let p = 24 + a. What is k(p)?
-6
Let m = -15 - -13. Suppose 7 + 5 = 3*r. Let p(v) = 3 + r*v + 11*v - 13*v. Determine p(m).
-1
Let c(r) = 3*r - 2. Suppose 2*d - 16 = -u, 2*u + 43 = 5*d + 6*u. Suppose 0 = -d*k + 15 - 1. Determine c(k).
4
Let j(b) = b**3 + 38*b**2 + 71*b - 40. Let l be j(-36). Let k(d) = -2*d - 5. Calculate k(l).
3
Let i(v) be the first derivative of -v**4 - v + 503. Suppose -c - 3 = -4*m - 4, -5*c = 4*m - 29. Determine i(m).
-5
Suppose -4*u + 2*t = 0, 0 = 3*u + 2*u - 5*t - 10. Let i(a) be the third derivative of -a**4/8 - a**3/3 - 141*a**2. Calculate i(u).
4
Let z(b) = -b**3 - 10*b**2 - 3*b - 24. Let a be 20 - (-32)/(-4) - 22. Determine z(a).
6
Suppose -2*d - 5*l = 13, d + 3*d = 4*l + 44. Suppose 0 = d*j + j - 14. Let i(s) = 4 - 5 - 1 + 2*s - s**2. Calculate i(j).
-2
Let z(d) be the third derivative of -1/3*d**3 + 5/24*d**4 - 1/60*d**5 + 0 + 0*d + 5*d**2. Give z(2).
4
Let y(d) = -d**2 - 5*d - 6. Let m(b) = -12*b - 88. Let z be m(-7). Calculate y(z).
-2
Suppose 0 = -2*v + 2, 5*t + 0 = -2*v + 17. Let w(m) = t*m - 4*m - 7 - 5. Let y(k) = 3*k + 6. Let u be y(-2). Give w(u).
-12
Let h(s) = s + 14. Suppose 12 = -4*o, 5*u + 62 + 5 = -4*o. Calculate h(u).
3
Let f(w) = -16*w - 93 - 19*w**2 + 68*w**2 - 25*w**2 - 25*w**2 + 36. Give f(-7).
6
Let a(v) be the first derivative of v**4/4 - 5*v - 2. Let h = 1344 - 1344. What is a(h)?
-5
Let o(q) = -10 + q**2 - 4*q + 0 + 10. Let b(z) = 3*z + 1. Let w be b(5). Let r = w + -13. Calculate o(r).
-3
Let b(h) be the first derivative of 2*h - 1/2*h**2 + 5. Determine b(2).
0
Let w be (-1)/(-5) + 108/60. Let v(i) = 7*i**2 + w*i - 12 + i**3 + 4 + 0. Suppose -3 = -n, -n + 24 = -2*l + 3*n. Determine v(l).
16
Let p(i) be the third derivative of -i**5/60 + i**3/6 - 15*i**2 + 2*i + 18. Suppose 3 = l + 5*t, -3*t + 2 = -l - 3. Calculate p(l).
-3
Let d(z) be the second derivative of -z**6/120 + z**4/24 + 19*z**3/6 + 21*z**2/2 + 11*z. Let j(a) be the first derivative of d(a). Determine j(0).
19
Let d(g) = g**3 + 4*g**2 - 2*g + 4. Suppose -16 = -c - 10. Let h be (-1)/2 + c/4. Suppose y = -4 - h. Calculate d(y).
-11
Let p be ((-12)/(-9))/((-352)/(-84) - 4). Let n(h) = h**2 - 11*h + 24. What is n(p)?
-4
Let h(a) be the third derivative of a**6/120 + 7*a**5/60 + 7*a**4/24 - a**3/3 + a**2 + 178*a. Determine h(-6).
-8
Let d(z) = -z**3 + 10*z**2 + 13*z - 12. Let w be d(11). Let a(l) = l**3 - 11*l**2 + 11*l - 15. Let i be a(w). Let o = i - 0. Let y(u) = -u - 2. Determine y(o).
3
Let r(n) be the third derivative of n**6/360 + 7*n**5/120 + n**4/24 - n**3/3 + 9*n**2. Let u(a) be the first derivative of r(a). Calculate u(-6).
-5
Let t(f) = -f**2 + 9*f - 4. Let v = -22 - -48. Suppose v = 5*i - 3*x, -i + 5*x = -5*i + 6. What is t(i)?
16
Suppose -2*d = 5*p - 14, -2*d = 2*d + p - 10. Let c(s) = 3*s**2 + 3*s + s**3 - 7*s**d - s. Let x = 113 - 110. Determine c(x).
-3
Let u(q) = 6*q + 2. Let m = -275 - -273. What is u(m)?
-10
Let r = 20 - 15. Suppose -4*f - r*i + 23 = 6, -3*i = -3. Let w(n) = -12*n + 10*n + f - 3*n**2 - 4. Give w(-1).
-2
Let n(p) = -2*p**2 + 60*p + 123. Let b be n(32). Let s(h) = h**3 + 5*h**2 + 6*h - 2. Give s(b).
-32
Let k(f) be the second derivative of -f**2 + 4*f + 0 + 0*f**3 - 1/4*f**4. Let x(g) be the first derivative of k(g). Give x(-2).
12
Suppose 0 = -2*c + 5*v - 129, -2*c + 0*v - 139 = -3*v. Let g = c - -79. Let b(r) = r**2 + 3*r - 3. Calculate b(g).
7
Let n(c) = 1 + 3*c + 0*c - 3*c - c. Let v(o) = -12*o + 7. Let g(l) = 22*n(l) - 2*v(l). Give g(-8).
-8
Let o(b) = -10*b + 2. Let z(f) = f**2 + 0*f**2 + 0*f + 2 - 2*f. Let i be (-60)/(-270) - (-16)/9. Let v be z(i). Determine o(v).
-18
Let y(r) = r + 4. Let c be y(0). Suppose h + 15 = c*h. Let z(l) be the third derivative of -l**4/12 + l**3/2 + 2*l**2 - 3. Determine z(h).
-7
Let h(m) = -2*m**2 + 3*m + 3. Suppose 5*f - 68 = -o, 35 = -f + 3*f + 3*o. Let d = -7 + f. Suppose w - 23 = -5*x, -4*x + d - 2 = -4*w. Give h(w).
-6
Let m(w) = -2*w - w**2 + 0*w - 1 + 0. Suppose 5*j - 13 = 2*v, 4*v = -0*j + 2*j + 14. Let h be 40/(-15)*v/4. What is m(h)?
-9
Let t = -3 - -10. Let j be (-1)/(1 - t/6). Let y(p) = p**2 - 6*p - 2. Determine y(j).
-2
Let d(b